 (-34 + 35)/((-2)/(-1 + -5)). Suppose -1214 = -4*m + 2*w, -416 = -2*m - r*w + 171. What are the prime factors of m?
7, 43
Let t(l) = -15372*l - 1161. What are the prime factors of t(-3)?
3, 5, 37
Let i(t) = 4*t**2 + 5*t + 6. Let y be 220/80 - (-3)/(-4). Suppose 5*c + 30 - 3 = -4*x, -4*c = y*x + 24. What are the prime factors of i(c)?
167
Let t = 2219 - -2745. List the prime factors of t.
2, 17, 73
Suppose 144*o - 4 = 148*o. What are the prime factors of (-3)/(90/(-22056)) + o/5?
3, 5, 7
Suppose -4*d - 2 = 5*g - 17, 0 = 3*d + 4*g - 12. Suppose 0*h - 4*h - 3*i + 63 = d, 3*h + i = 46. Suppose 0 = -h*t + 756 + 264. What are the prime factors of t?
2, 17
Let s(b) = b**3 - 7*b**2 - 6*b + 5. Suppose -63*f + 62*f = -4. Suppose 0 = -4*p - 4*h + 20, 11 = 4*p - f*h - 33. What are the prime factors of s(p)?
3, 7
Suppose -48 + 54 = 3*r. Suppose -6*q + 1472 = r*q. What are the prime factors of q?
2, 23
Let d be (-1 + 25/10)*(-2)/(-1). Suppose 5*r + v = 2374, -v + 462 + 962 = d*r. What are the prime factors of r?
5, 19
Let a = 11981 + -4373. List the prime factors of a.
2, 3, 317
Suppose 17*d - 8872 + 1001 = 0. What are the prime factors of d?
463
What are the prime factors of 1 + -3 - (-20290 - ((-63)/3)/7)?
5, 4057
Suppose 0 = -5*g + 3*s + 6853, -178*g + 177*g + 1355 = 2*s. List the prime factors of g.
1367
Suppose 4*u = 3*n + 55 - 1, 5*n + 90 = 4*u. What are the prime factors of (1*-175 - -1)*60/n?
2, 5, 29
Suppose -2*v - 4836 = -x, 16*x - 9680 = 14*x + 2*v. What are the prime factors of x?
2, 7, 173
List the prime factors of ((-24)/(-10) - 2) + 10*740662/325.
2, 5, 43, 53
Let n = 25542 + -13192. What are the prime factors of n?
2, 5, 13, 19
Let i(h) = 18*h**2 + 11*h + 10. Let v be i(-1). Suppose 6*a - 10879 = -v*a. What are the prime factors of a?
11, 43
Suppose 4*f + 4*l = 136, 2*l + 3*l = -15. Suppose 3*c = -4*a + f, -4*a + 5*c + 9 = -4. What are the prime factors of a?
7
Let r(h) = 1280*h**2 + 310*h - 931. List the prime factors of r(3).
11519
Let t(b) = -b**2 + b + 6. Let f be t(0). Let k be -9 - (-2 + 0 + f). List the prime factors of 3/4*(35 - k).
2, 3
Let b = -24075 + 46950. List the prime factors of b.
3, 5, 61
Suppose 7*p - 10*p = 41*p - 919116. What are the prime factors of p?
3, 11, 211
Let u = 6 + 177. Suppose -65*r - 65 = -78*r. Suppose 2*x + r*n = u - 0, 0 = -4*x + 3*n + 431. List the prime factors of x.
2, 13
Suppose -4*d = -7*d + 6. Suppose -5*q - d*u = -713, 3*q + 4*u + u - 443 = 0. List the prime factors of q.
3, 47
Let w(j) = 158*j - 29. Let r = -482 + 487. What are the prime factors of w(r)?
761
Let w = -71 + 110. Suppose -2*r = -w + 31. Suppose d = 6*d + 15, 2*d = -v + r. List the prime factors of v.
2, 5
Suppose 10 = 2*f, -2*g - 4*f + 75638 = 19322. List the prime factors of g.
2, 31, 227
Let j be (32/48)/(1 - (-14)/(-18)). Suppose j*k - 2*k + 5*a = 246, -2*k + 432 = -2*a. Suppose n + 754 - 1859 = -5*s, -s = -3*n - k. List the prime factors of s.
13, 17
Suppose -198 = 7*m - 933. Let l be (28/(-10))/(1/m). What are the prime factors of (6/(-9))/(4/l)?
7
What are the prime factors of 318/(-795) - 15232/(-5)?
2, 1523
Let m = -75 + 77. Suppose m*o = -65 + 255. What are the prime factors of o?
5, 19
Let t be (-18500)/333 + (0 - (-8)/(-18)). List the prime factors of 264/(35/t - -1).
2, 11
Let y(t) = 5 + 3*t - 33 + 6*t**2 + 8 + 32. What are the prime factors of y(8)?
2, 3, 5, 7
Suppose -270331 = -123*r + 495344. List the prime factors of r.
3, 5, 83
Let f(d) = 444*d**3 + 2*d**2 - 6*d + 3. List the prime factors of f(1).
443
Let h(c) = c**3 + 4*c**2 - 3*c + 2. Let x be h(-5). What are the prime factors of 12/(-24) - (3044/x + 2)?
2, 3, 7
Let a = 3851 - -7766. List the prime factors of a.
11617
What are the prime factors of (211806/56)/(2*18/96)?
2, 3, 41
Suppose c + 971 = -4649. Let q be -1*c/(-28) - 4/14. Let u = q - -339. What are the prime factors of u?
2, 3, 23
Suppose 22*m - 27*m = -45, 3*m - 123683 = -4*u. What are the prime factors of u?
2, 13, 29, 41
Suppose 0 = 6*r - 4*r - 10. Suppose 3*q - 1476 = -2*y + 1787, -q = r*y - 1066. List the prime factors of q.
1091
Let v = 722 + -733. What are the prime factors of (v - (-2)/1)/(24/(-1888))?
2, 3, 59
Let v(t) = 5*t - 49. Let o be v(10). Let f be 8/o - (-3 + 3). Let h(m) = 36*m - 35. What are the prime factors of h(f)?
11, 23
List the prime factors of (-65933119)/(-2834) - 1/26.
3, 5, 11, 47
Let f = -27426 - -53745. What are the prime factors of f?
3, 31, 283
Suppose 119*d - 2689933 = 18*d. What are the prime factors of d?
26633
Let q be (-3)/(-6)*-70*252/10. Let r be (-66)/(5 + q/174). Suppose 0 = -5*l + 2*x - 0*x + r, -197 = -l - x. What are the prime factors of l?
193
Suppose -3*t - 3703 = -2*d + 25854, -d + 14786 = t. What are the prime factors of d?
14783
Let u be 9/(36/128) + 1. Suppose 37 - u = -2*w. What are the prime factors of w/(-8) + 801/12?
67
Let n(v) = 61*v**2 + 5*v + 13. Let c(b) = 244*b**2 + 20*b + 50. Let i(a) = -2*c(a) + 9*n(a). What are the prime factors of i(-4)?
7, 139
Let a = -28 - -53. Suppose -10*s + a*s = 2370. What are the prime factors of s?
2, 79
Suppose -4*x = -2*x + 4*s - 14, -3*s + 12 = 3*x. What are the prime factors of 37/74*(959 - x)?
479
Let g = 639 + -644. List the prime factors of 6585/(-10)*((-80)/(-12))/g.
2, 439
Suppose -3*i + 16 = t - 0*t, -t - 5*i + 26 = 0. Let q(u) = 191*u**3 - u + 1. Let f be q(t). Let b = f - 15. List the prime factors of b.
2, 11
Suppose -3895 = -12*c - 18547. Let d = c - -1911. What are the prime factors of d?
2, 3, 5, 23
Suppose -4*s + 4*n = -24, 4*s + 0*s - 5*n = 26. Suppose 3*f - 1 = 5. List the prime factors of (-804)/(-18) - (s/3)/f.
2, 11
Let i(n) = -2*n - 19. Let q be i(-8). List the prime factors of (-223)/(-2)*2*(4 + q).
223
Let q be (-103 - -11)/(1 - 0). Let r = q + 86. Let p = 133 - r. What are the prime factors of p?
139
Let m(d) = 7*d - 12*d - 2*d**2 - 12 - 5*d. Let v be m(-6). What are the prime factors of -1*2*444/v?
37
Suppose -119*d + 123*d + n = 18221, 4*d = 3*n + 18217. What are the prime factors of d?
5, 911
Let z(c) = 27*c**2 + 12 + 2*c + 5*c + 3*c**2 - 2*c. List the prime factors of z(-5).
11, 67
Let j(b) = -b**3 + 15*b**2 - 6*b + 26. Let g be j(10). Suppose 1306 = c - 4*t, 2*t = 4*c - 4828 - g. List the prime factors of c.
2, 3, 13, 17
Suppose 19159 + 3026 = 5*n. List the prime factors of n.
3, 17, 29
Let q(v) = 6*v - 129. Let k be q(31). Suppose 5180 = 71*u - k*u. What are the prime factors of u?
2, 5, 37
Suppose 0 = 5*c + 4*f - 67714, 1 + 3 = 4*f. List the prime factors of c.
2, 3, 37, 61
Let u(f) = -f**2 - 3*f - 10. Let q be u(-11). Let i = -94 - q. Suppose 3*p - 4*m + 56 - 179 = 0, i*p - 4*m - 168 = 0. List the prime factors of p.
3, 5
Suppose 280 = 13*c - 19. Suppose 0 = -c*y - 52 + 1248. What are the prime factors of y?
2, 13
Let c = 273 + -428. Let t = 137 + c. List the prime factors of 233*12/14 - t/63.
2, 5
Let l(x) = 6*x**2 - 365*x + 499. List the prime factors of l(-74).
5, 12073
Suppose 4*c + 2*h - 194198 = 0, -114757 = -4*c - h + 79448. What are the prime factors of c?
23, 2111
Let l = 27463 - 16347. What are the prime factors of l?
2, 7, 397
What are the prime factors of 528/(-32)*((-794)/6 - -3)?
2, 11, 97
Let q = 50 + -52. Let r be (-914)/10 - q/5. Let c = -41 - r. List the prime factors of c.
2, 5
Let k = -101 + 193. Let y(q) = -149*q + 3. Let n be y(-1). Let x = n - k. List the prime factors of x.
2, 3, 5
Suppose -71*h + 2930392 + 631946 = 815419. List the prime factors of h.
7, 5527
Let j = -445 - -447. Let g(k) = 3*k + k - 1 + 29*k**2 + 0 - 6*k. List the prime factors of g(j).
3, 37
Suppose q = -2*y + 7, 38 = 5*y - 2*y - 4*q. Let w(r) = r**2 + 6*r - 14. What are the prime factors of w(y)?
2, 29
Let c be 4/(-1*(-1)/61). Suppose 2*z = -0*o - 3*o - 248, -3*o = z + c. Let k = o + 135. List the prime factors of k.
5, 11
Let l = -374 + 708. Let g = l + -89. What are the prime factors of g?
5, 7
Suppose -4*r - 50 = -2*w - 5*r, -4*w + 96 = r. Suppose 11*f = -w*f + 18054. List the prime factors of f.
3, 59
Suppose 198*f - 4766944 + 1331050 = 0. What are the prime factors of f?
7, 37, 67
Let h(r) = r**2 - 26*r - 25. Let q be h(27). Suppose -q*w = -83 + 35. What are the prime factors of w?
2, 3
Suppose 2*k + 4 + 2 = -2*m, -4*k - m = 9. Let d(c) = 3*c**2 + 8*c + 13. Let o be d(k). Suppose